q**3 - 7*q**2 + 11*q + 12. Let y = -4204 + 4196. Calculate v(y).
-12
Let h(k) = -5*k**3 + 2*k - 3*k**2 - 2*k**3 - 2 + 8*k**3. Suppose -59*w + 48 = -43*w. Determine h(w).
4
Let j(r) = 104*r**3 + 7*r**2 - 19*r + 56. Let l(g) = -15*g**3 - g**2 + 3*g - 8. Let p(i) = 6*j(i) + 41*l(i). What is p(-1)?
-9
Let f be 36/8*8/12. Let p be 0/(-6 - (-12)/f). Let u(q) be the second derivative of -q**4/12 + q**3/6 - 11*q**2/2 - q. Determine u(p).
-11
Let z(o) be the second derivative of -o**3 + o**2 + 4*o - 178. Give z(-5).
32
Suppose -12*x = 93 - 45. Let h(b) = 10*b + 38. Calculate h(x).
-2
Suppose -4*d + 3*z = 35, 2*d - 4*z - 2 = -32. Let q(h) = h**2 - h - 12. What is q(d)?
18
Let f(o) = 4*o + 12. Suppose 18*r - 13*r + 205 = 5*a, -3*a = -r - 131. Suppose a*v - 34*v + 110 = 0. Determine f(v).
-28
Let u(y) = -y**2 + 12*y + 19. Let t(q) = 2*q**2 - 67*q - 910. Let s be t(44). What is u(s)?
-9
Let l(g) = g**3 + 5*g**2 - 7*g - 7. Let x be l(-5). Suppose -4*f = 0, x = 4*c + 2*f - 4. Let s(v) = v**3 - 7*v**2 - 10*v + 11. What is s(c)?
-5
Suppose 5*c = -b - 3*b + 66, 4*b = -4*c + 52. Suppose -17*n + c*n + y = 27, 5*y = -3*n - 9. Let i(g) = -4*g - 5. Calculate i(n).
27
Let f(k) = 6*k + 1. Let y = -351 + 355. Suppose 2*l = -y*i, 4*l = 4*i + 5*l + 2. Determine f(i).
-5
Let i(z) = -576*z - 787*z**2 + 628*z + 175 + 786*z**2. What is i(55)?
10
Suppose u + 3*h = 11, -5*u + 3*h + 10 = -9*u. Let p(r) = -r**3 - 9*r**2 - 17*r - 5. Calculate p(u).
16
Let g(k) = -27*k + 6*k + 3*k**2 + k**3 + 77*k - 29*k - 36*k - 13. What is g(-5)?
-18
Let h(s) = 1143*s + 1221*s + 5 - 2362*s. Calculate h(-16).
-27
Let m(j) = 6*j + 6. Suppose -f - 5*r + 97 = 0, -9*r + 79 = f - 10*r. Suppose -3*v + 2*b = -25, -f*v - 5*b = -81*v + 3. What is m(v)?
48
Let v(s) be the second derivative of -3*s + 2/3*s**3 + 0 + s**2 + 1/12*s**4. Let j be (-24)/(-28)*(-14)/4. What is v(j)?
-1
Let p(j) = -9*j**2 - j - 15. Let u(i) = -45*i**2 - 4*i - 83. Let k(y) = 11*p(y) - 2*u(y). Give k(3).
-89
Let v be 1*(-5 + 22 + -6). Let q(y) = 8 + 9 + 10*y + 2*y - v*y. Let z be 4/8*1*-14. What is q(z)?
10
Let y = -24701 - -24703. Let o(f) = -33*f + 61. Determine o(y).
-5
Let p = 11 + -2. Suppose 12*z - 5*b = 10*z + 26, -z - 17 = 5*b. Let y(a) = -2 - 12*a**3 + z*a**3 + 2*a + 3*a**3 + 5*a**3 + p*a**2. What is y(9)?
16
Let d(h) = -h**3 + 15*h**2 - h. Let c(x) = -2*x**3 + 27*x**2 - 3*x + 1. Let z(j) = -3*c(j) + 5*d(j). Give z(3).
-18
Let w(l) = l**3 + 37*l**2 - 77*l + 42. Suppose 10*o = 3*n + 12*o + 127, 4*n + 186 = -6*o. Calculate w(n).
3
Let b(d) be the third derivative of 2*d**5/15 + d**4/12 - d**3/6 + 1392*d**2. Let m be 26/(-6) - 6/9. Let i = 3 + m. Calculate b(i).
27
Let x(w) be the second derivative of -w**7/2520 + w**6/144 - w**5/60 - w**4/12 + 5*w**2/2 - 5*w. Let k(g) be the third derivative of x(g). Determine k(3).
4
Let n(z) = 2*z. Let y(i) be the second derivative of i**3 - 15*i**2/2 - 172*i. Let x(u) = -2*n(u) + y(u). What is x(10)?
5
Let f(v) = v**3 - 6*v**2 + 7*v - 4. Let n = 64 - 49. Suppose 13*j = 8*j + n. Let a(k) = k**3 - k**2 - 5*k + 2. Let h be a(j). What is f(h)?
6
Let m(w) = 139*w - 12. Let z(d) = -185*d + 11. Let i(l) = 4*m(l) + 3*z(l). What is i(12)?
-3
Let l(j) be the second derivative of j**4/12 + 9*j**3/2 - 15*j**2 - j + 847. Determine l(-21).
-156
Let o be (1/(-1) + -1)/(452/(-113)). Let m(y) be the third derivative of 0 - o*y**3 - 1/60*y**5 - 7*y**2 + 0*y + 1/4*y**4. Calculate m(6).
-3
Suppose 2262*d + 138 = 2239*d. Let z(k) be the third derivative of -k**5/60 - k**4/24 - k**3/6 - 3*k**2. What is z(d)?
-31
Suppose -2*n = -3*r - 6*n + 7, -n - 22 = -4*r. Let s(z) = z**3 + 5*z + 11. Let j(a) = -4*a**3 - 3*a**2 - 22*a - 47. Let c(b) = 2*j(b) + 9*s(b). Calculate c(r).
-15
Suppose 9*q - 124 = 52*q - 12*q. Let c(x) = 2*x**3 + 8*x**2 + 4*x - 2. What is c(q)?
-18
Suppose 8 = u - 4*o - 6, 12 = 3*u - 2*o. Suppose 3*t - 3*m - 12 = 0, 2*t + m = -2*t + 1. Let s(v) = 0 - t - 4*v**u + 0*v - 3*v + v**3 - v. What is s(5)?
4
Suppose 0 = 4*c - h - 3*h - 4, 0 = -c + 5*h - 19. Let i(l) = l**2 + 43*l - 213. Let q be i(-48). Let n(y) = -4*y + 8 + c + 10 - q - y**2. What is n(-2)?
1
Suppose 2*m = 5*s + 1, 4*s + 10*m - 7*m - 13 = 0. Let z(b) = 3*b**3 - b**2 + 1. Let l = 79 + -78. Let q(x) = -x**3 + 1. Let d(t) = l*z(t) - q(t). Give d(s).
3
Let l(v) = -10*v - 20. Let u be l(-3). Suppose -42*a + u*a = 64. Let j(c) = c**3 - 2*c - 3. Calculate j(a).
-7
Let i(s) = -5*s**3 + 8*s**2 + 8*s - 2. Suppose 37*o = 12*o + 275. Let y(z) = 14*z**3 - 23*z**2 - 23*z + 5. Let n(w) = o*i(w) + 4*y(w). Determine n(5).
3
Let p(x) be the first derivative of -x**2/2 - 24*x - 3. Let k be (-2 - (-10 - -8))/2. Determine p(k).
-24
Let g = 85 + -84. Let n(h) be the third derivative of -h**5/20 - h**4/24 - 3*h**2. Let u(c) = c**2 + c + 1. Let a(i) = g*n(i) - 2*u(i). Calculate a(-2).
-16
Suppose 76 = -63*y + 61*y + 5*z, y + 2*z = -11. Let i(h) = h - 5. Calculate i(y).
-28
Let a(i) = 18*i**3 - 2*i**2 - i + 2. Let y(j) = 15*j - 479. Let f be y(32). Give a(f).
17
Let a(z) be the third derivative of 0*z + 1/120*z**5 + 3*z**3 + 17*z**2 - 5/24*z**4 + 0. Let m(w) be the first derivative of a(w). Give m(0).
-5
Let i = 64 - 38. Let u = i + -16. Suppose -9*t + u*t - 1 = 0. Let d(k) = 6*k**2 - k. Determine d(t).
5
Suppose -2*b - 310 = -3*a, 0 = a - 2*a + 5*b + 125. Let f = a - 49. Let d(v) = 3 + 2*v - 5*v + f*v**2 - 50*v**2. What is d(3)?
3
Let v(g) = g**3 - 19*g**2 - 29*g + 227. Let q be v(20). Let m(x) = -x**3 + 46*x**2 + 49*x - 107. Give m(q).
-13
Let p(k) = -35*k**3 - 5*k**2 + 3*k. Let v(z) = 53*z**3 + 5*z**2 - 2*z - 1. Let m(x) = 3*p(x) + 2*v(x). Suppose a + 4 = 2*a - o, 3*a = -5*o + 4. What is m(a)?
-5
Let n = -74 + 114. Let y(a) = -38 + 108 - 5*a - n - 33. Calculate y(-4).
17
Suppose -82*d - 1711 = -645. Let h(a) = 6*a + 90. Give h(d).
12
Let m = -4489 - -4479. Let o(b) = 3*b**2 + 31*b + 17. What is o(m)?
7
Let t be ((-20)/6)/((-32)/48). Suppose -t*j - 96 = 11*j. Let c(f) = f**2 + 8*f + 5. Give c(j).
-7
Suppose -2*i + 28 = 2*i. Let w(d) be the first derivative of d + 1/4*d**4 + 1/2*d**2 - 7/3*d**3 + 71. What is w(i)?
8
Let r(u) = 1196*u**2 - 55*u + 55. Let p(a) = 145*a**2 - 7*a + 7. Let y(t) = 33*p(t) - 4*r(t). Let b be (-1)/(-3) - 46/(-6). What is y(b)?
-13
Let u be (-4 + 153 + -8)/((-6)/4). Let d = u - -78. Let o(i) = i + 15. Give o(d).
-1
Suppose 0 = -5*b + 18 + 2. Let q(t) = b - 3 - 2 - 2*t + 0. Suppose 332*v = 326*v + 18. Calculate q(v).
-7
Let k be 12 - (12/(-4) + 5). Suppose 5*g + 11 = -3*t - k, 5*t = 15. Let i(c) = c**2 + 8*c + 5. Calculate i(g).
-7
Let f be (12/27*-3)/((-4)/6). Suppose -f*z + 4*v = z - 16, 4*z - v = 4. Let q(s) = -s**3 - 2 + 4 + z*s**2 + 5*s**2 - 64*s + 59*s. What is q(3)?
5
Let w(y) = -y**3 + 3*y**2 - y + 1. Let a be w(2). Let f = 5 - a. Let r(d) = 0*d**2 - 2*d**2 + 5*d**f. Calculate r(-2).
12
Let x = 254 + -247. Let q(f) = 4*f**3 - f + 6. Let c(u) = 9*u**3 - u**2 - 3*u + 11. Let w(m) = x*q(m) - 3*c(m). What is w(-3)?
3
Let p = -23358 + 23375. Let f(g) = -2*g**2 + 31*g + 51. Determine f(p).
0
Let j(t) be the first derivative of -2*t**2 + 17*t + 2361. What is j(-2)?
25
Let i(h) = 8*h**2 + 169*h + 14. Suppose -146*j + 357 = -163*j. What is i(j)?
-7
Let l(q) = 11*q - 15. Let t(a) be the third derivative of -13*a**4/24 + 8*a**3/3 + 7*a**2 - 4. Let w(m) = 6*l(m) + 5*t(m). Give w(8).
-2
Let h(g) = -556*g - 15*g**2 + 559*g + 57 - 55. Calculate h(-1).
-16
Let m = 654 + -653. Let n(u) = -6*u - 4*u - 2 + 1 + 0. Give n(m).
-11
Let u(y) be the first derivative of -y**3/3 + 5*y**2 + 2*y + 3516. Give u(-2).
-22
Suppose -k - 4 = -1. Let a(p) = -13*p + 13. Let z(f) = -3*f + 3. Suppose 5*c - 2*j + j = 10, 3*c - j = 6. Let i(l) = c*a(l) - 9*z(l). Determine i(k).
-4
Let l(v) = -v**2 + 7 + 5*v + 5*v - 5*v. Let a(t) be the third derivative of -t**5/30 + 7*t**4/4 - 35*t**3/3 - 28*t**2 + 2. Let z be a(19). Give l(z).
1
Let d = -210 + 216. Let i(w) = -w - 2. Let v be i(-5). Let j(z) = -2*z**v + 7*z**3 - 2*z + 8*z**2 - d*z**3 + 12 + 2*z**2. Determine j(10).
-8
Let d(i) = 1. Let a(z) = -z - 8. Let h = 153 + -154. Let u(b) = h*a(b) - 5*d(b). Suppose 0 = 10*t - 7*t - 15. What is u(t)?
8
Let c = 1/608 - -605/1824. Let h(s) be the second derivative of 1/2*s**2 + 1/20*s**5 + c*s**4 - 19*s + 0 - 1/3*s**3. Determine h(-4).
9
Let a(z) = 3*z**3 - 83*z**2 + 52*z + 35. Le